 2 + -6. List the prime factors of h/(-2) + 6 + c.
2
Let k(t) = 5*t - 3*t + 0*t**2 - t**2. Let f be k(3). Let j = -1 - f. What are the prime factors of j?
2
Let f(w) = 3*w + w**3 + 10*w**2 - 11 - 5*w**3 + 3*w**3. Let k(j) = -2*j - 20. Let q be k(-15). What are the prime factors of f(q)?
19
Let m(n) = -n**3 + 11*n**2 + 12. Let h be m(10). Suppose 5*f = -u + 48, u + f + h = 4*u. List the prime factors of u.
2, 19
Suppose -z - s + 1 = 0, 3*z + 4*s - 6 = -2*z. Suppose -d = z*d - 12. Suppose 5*i = d*m + 56, i + 5*m - 13 = 4. List the prime factors of i.
2, 3
Let t(m) = 11*m + 14. What are the prime factors of t(6)?
2, 5
Suppose -3*k + 0*k - 2*j + 837 = 0, -k + 279 = 3*j. List the prime factors of k.
3, 31
Let q be (-365)/15 - (-1)/3. Let n = -7 - q. What are the prime factors of n?
17
Let c(a) = -a**3 + 1. Let x be c(0). Let u(o) = 4*o**2 - 1. Let z(y) = -3*y**2 + 2. Let d(t) = 3*u(t) + 2*z(t). What are the prime factors of d(x)?
7
Let c be 2/3 - (-20)/15. Let w = c + 2. Suppose -w*v = -6*v + 2*j + 20, 58 = 5*v - j. What are the prime factors of v?
2, 3
Let n = 3 - 5. List the prime factors of 2 + -2*n/4.
3
Suppose 2*c = 26 + 14. Let k = c - 7. What are the prime factors of k?
13
Let d(q) = -3*q + 9. Let c(l) = -3*l + 9. Let w(b) = -4*c(b) + 3*d(b). Let a be 0 + 7 + (3 - 4). What are the prime factors of w(a)?
3
Suppose -4*b - 5*l - 8 = 0, -4*b + 6*b = -4*l - 4. What are the prime factors of 11 + (b - 0) - -1?
2, 5
Let b = -4 + 8. Suppose -b*d + 4 = -3*d. Let c = d + -1. List the prime factors of c.
3
Let o(y) = -y**3 + y**2 + 61. What are the prime factors of o(0)?
61
Let u(j) = -j**2 - 11*j - 10. Suppose -q - q - 5*b - 4 = 0, q - 4*b = -15. What are the prime factors of u(q)?
2, 3
Suppose 0 = -2*q + 2, v - 2*q - 120 = 102. List the prime factors of v.
2, 7
Let g(f) = -f**2 - 17*f - 2. List the prime factors of g(-14).
2, 5
Let h = 5 + -1. Suppose -6*m + 3*m + 34 = f, 2*m - 32 = h*f. What are the prime factors of m?
2, 3
Let x be 1/(-3) + 76/12. What are the prime factors of 2 + 1*-2 + x?
2, 3
Let j(f) = f**3 + 3*f**2 - 3*f + 4. Let d be j(-4). Suppose d = p - 3*p + 34. Suppose -u - 5*k = p, -3*k + 29 = 3*u - 4*k. List the prime factors of u.
2
Let g(n) = -n**2 - 6*n - 2. Let l be g(-5). Suppose l*w = j + 5*w - 13, 4*j + 3*w - 52 = 0. List the prime factors of j.
13
Suppose 0 - 5 = -g. Let x be (26 + -1)*6/g. List the prime factors of (-2)/4*x/(-1).
3, 5
Let u(v) = 0*v**2 - 4*v**2 - 4*v**2 + 10 + v + 7*v**2. What are the prime factors of u(0)?
2, 5
Suppose -58 = 5*a - 2*a - 2*d, 0 = -5*a + 2*d - 102. Let c = 20 - a. What are the prime factors of c?
2, 3, 7
Let o = -31 + 85. What are the prime factors of o?
2, 3
List the prime factors of (-394)/(-6) + 1/3.
2, 3, 11
Suppose 0 = 3*x - 0*x + 2*u - 24, -3*x - u = -24. Suppose -4*i - 28 = x. What are the prime factors of (6/i)/(6/(-117))?
13
Let y = 7 - -87. Suppose 3*z + 224 = 4*f + y, 5*f = 2*z + 159. List the prime factors of f.
31
Suppose -4 = -2*o + 84. What are the prime factors of o?
2, 11
Let p(g) = -29*g - 1. What are the prime factors of p(-3)?
2, 43
Suppose -h + 82 = -0*h - 4*w, -5*w = -4*h + 361. List the prime factors of h.
2, 47
Let n(k) = -k**3 + 9*k**2 + 9*k + 18. What are the prime factors of n(10)?
2
Suppose -z + 21 = -11. Suppose -z = -l - 3*w, 6*w = 3*l + w - 26. What are the prime factors of l?
17
Let g(l) be the second derivative of -1/12*l**4 - 2*l**3 + 5*l**2 + 3*l + 0. What are the prime factors of g(-12)?
2, 5
Let z(o) = 2*o - 6. Let a be z(8). Suppose 2*n + 2*m = a, -2*n = -3*m + m - 14. List the prime factors of n.
2, 3
Suppose 0 = -3*f - 2*s + s + 4, -20 = -4*f - 5*s. Suppose -5*k - 25 = 0, 3*x + k - 55 = -f*x. What are the prime factors of x?
2, 5
Let d = 21 + 120. What are the prime factors of d?
3, 47
Suppose -5*g = m - 19, 3*g = -3*m + 6*m + 15. What are the prime factors of g?
2
What are the prime factors of (-3 - -7) + -8 - -53?
7
Let i = 2 + -5. Let s = i - -9. Suppose -s*w + 26 = -4*w. List the prime factors of w.
13
Suppose -x = -h - 2, 4*x - 2*h + 7*h + 1 = 0. What are the prime factors of 4*x/((-4)/(-2))?
2
Let g be (-4)/(-6)*(-4 - -7). Suppose 6 = 2*o - g. What are the prime factors of o?
2
Suppose -2*h = h. Suppose g + 40 = 2*d - 2*g, h = -g - 4. What are the prime factors of d?
2, 7
Let k(j) = -j**3 - 6*j**2 - j + 6. Let h = -7 - -1. Let n be k(h). Suppose -n = 4*g, -q - 5*g = -0*g + 2. What are the prime factors of q?
13
Let z(m) = 3*m + 13. Let k be z(10). Let w(j) = -j**3 - j**2 + 2*j + 1. Let g be w(-2). Suppose -g = 3*q - k. List the prime factors of q.
2, 7
Let t be (-2)/9 + (-1302)/(-27). List the prime factors of ((-5)/(-4))/(4/t).
3, 5
Suppose 0 = -3*n - 4*t - 45, -7*t + 24 = -3*n - 4*t. What are the prime factors of (-62)/(-22) - 2/n?
3
Suppose 3*r + 12 = 0, -r - 4*r + 70 = -5*z. Let o = 48 + z. List the prime factors of o.
2, 3, 5
Let d(w) = -w**2 - 4*w + 5. Let g be d(-5). Suppose g = -j + 2*j, -3*j = z - 51. What are the prime factors of z?
3, 17
Suppose 13*z - 8*z = 195. What are the prime factors of z?
3, 13
Let a = 36 - -35. What are the prime factors of a?
71
Let b(u) = 0*u**2 - 4 + 8*u + 2*u**2 - 9*u. List the prime factors of b(4).
2, 3
Let x(v) = 2*v**2 + 4*v + 8. What are the prime factors of x(-7)?
2, 3, 13
Let y be (4 - 5)/(2/(-6)). List the prime factors of (-1)/(y - (-146)/(-48)).
2, 3
List the prime factors of (-6)/33 + (-1080)/(-11).
2, 7
Let m(t) = -t**2 + 8*t - 4. Let n = -9 - -18. Let v be m(n). Let a = v + 23. What are the prime factors of a?
2, 5
Let k(x) = 2*x**2 - 11*x + 4. List the prime factors of k(8).
2, 11
Let q = 6 + -3. Suppose -2*y - 5*l = -l - 60, q*l = 4*y - 153. What are the prime factors of y?
2, 3
Suppose 6*h = 216 + 414. What are the prime factors of h?
3, 5, 7
Let z = 225 + -73. What are the prime factors of z?
2, 19
Suppose 0 = v + 3*v + 4. Let z(m) = m - 17. Let t be z(9). What are the prime factors of (2 + t/2)/v?
2
Suppose -4*o + 18 = -2*v, -3*v + 6 = 4*o + 23. Let u = 21 + v. Suppose 2*b = -3*h + 34, h + 0*h - u = 2*b. List the prime factors of h.
2, 3
List the prime factors of 129*(5 + -9 + 28/6).
2, 43
Let p = 20 - 12. What are the prime factors of 304/p*1/2?
19
Let j = -1 - -5. List the prime factors of (j/4)/(1/11).
11
Suppose 3*u = 2 + 1. Suppose -3 = -2*y - u. Suppose -2*g - y = -13. What are the prime factors of g?
2, 3
Let p = 10 - 8. What are the prime factors of p + (1 + -25)/(-2)?
2, 7
Let m = -1 + 3. Suppose -5*l - 52 = -m*z + 33, 2*z + 5*l = 35. Suppose p + 2*p = z. What are the prime factors of p?
2, 5
Let q be (51/9 - 2)*3. Let n = q + 4. Suppose -3*w + 12 = -n. What are the prime factors of w?
3
Let y(w) = -44*w - 16. List the prime factors of y(-8).
2, 3, 7
Let x(q) = 2*q**2 - 2*q - 7. Let h be x(5). Let p = h + -20. List the prime factors of p.
13
Let p = -2 + 4. Suppose 15 = p*j + 3*j. List the prime factors of j.
3
Suppose 0 = -v - v + 8. Suppose m - 23 + v = 0. List the prime factors of m.
19
Let y = 228 - 28. List the prime factors of y.
2, 5
Suppose -49 = -4*w - 4*t + 15, 3*w - 43 = 2*t. Let y = -7 + w. List the prime factors of y.
2
Let t = 12 + -35. Let v(f) = -f**3 - 5*f**2 + f + 6. Let s be v(-6). Let m = s + t. List the prime factors of m.
13
Let f(m) = m. Let k(d) = 7*d - 6. Let r(g) = -6*f(g) + k(g). Let q be r(7). Suppose -q = -u + 1. What are the prime factors of u?
2
Suppose 3*f - 4*u - 70 = 0, -5*u = -f + 40 - 2. List the prime factors of (9/f)/(1/12).
2, 3
Let c = 95 + -32. List the prime factors of c.
3, 7
Suppose -2*y = 3*y - 125. Let i = 50 - y. List the prime factors of i.
5
Let a = -373 - -652. List the prime factors of a.
3, 31
Let y(d) be the second derivative of d**4/12 + 13*d**3/6 - 6*d**2 - d. What are the prime factors of y(-15)?
2, 3
Let i(v) = -7*v**2 - 7*v - 13. Let q(t) = 4*t**2 + 3*t + 7. Let y(w) = -3*i(w) - 5*q(w). Let n be y(-6). What are the prime factors of (-1)/4 + 13/n?
3
Suppose -2*r = 2*w - 4 + 14, 5*w = -3*r - 19. Let b be (-9 + 6)/(r/2). List the prime factors of 10/(1*b/4).
2, 5
Suppose 2*v + 5*q = -5 - 0, 2*q + 2 = 0. Let a = v + 5. Suppose 5*l + 3*o = 48, 0 = -l + a*l - o - 52. What are the prime factors of l?
2, 3
Suppose 4*c - 7*c = -78. What are the prime factors of c?
2, 13
Suppose 4 = 3*a - 5*a. Let g be 12*(a + (-3)/(-2)). What are t